{"id":15546,"date":"2024-12-11T12:23:39","date_gmt":"2024-12-11T11:23:39","guid":{"rendered":"https:\/\/www.duchenne-schweiz.ch\/conferenza-duchenne-2025\/"},"modified":"2025-09-24T09:53:34","modified_gmt":"2025-09-24T08:53:34","slug":"conferenza-duchenne-2025","status":"publish","type":"page","link":"https:\/\/www.duchenne-schweiz.ch\/it\/conferenza-duchenne-2025\/","title":{"rendered":"Conferenza Duchenne 2025"},"content":{"rendered":"<p>La 4a Conferenza Duchenne si terr\u00e0 il <strong>26 settembre 2025<\/strong>.<br \/>\n\u00c8 rivolta a tutti coloro che sono coinvolti o colpiti dalla distrofia muscolare di Duchenne (DMD).<\/p>\n<p><a href=\"https:\/\/www.duchenne-schweiz.ch\/wp-content\/uploads\/2025\/09\/programm-A4-250923_Version_ITprint.pdf\"><img loading=\"lazy\" decoding=\"async\" class=\" wp-image-16141 alignright\" src=\"https:\/\/www.duchenne-schweiz.ch\/wp-content\/uploads\/2025\/09\/Bildschirmfoto-2025-09-24-um-10.50.56-1000x1407.png\" alt=\"\" width=\"254\" height=\"357\" \/><\/a><\/p>\n<h2><\/h2>\n<h2>Sede<\/h2>\n<p>Centro svizzero per paraplegici (SPZ)<br \/>\nAlbergo Sempachersee<br \/>\nKantonsstrasse 46<br \/>\n6207 Nottwil<br \/>\n<a href=\"http:\/\/www.hotelsempachersee.ch\">www.hotelsempachersee.ch<\/a><\/p>\n<h2>Come arrivare<\/h2>\n<p>La conferenza si svolger\u00e0 nei locali del CSP presso l&#8217;Hotel Sempachersee.<br \/>\nIndicazioni e pianificazione del percorso tramite <a href=\"https:\/\/search.ch\/map\/Nottwil,Kantonsstr.46?pos=652467,221140&amp;zoom=15\" target=\"_blank\" rel=\"noopener\">search.ch<\/a><\/p>\n<p>\u00c8 preferibile utilizzare il <strong>parcheggio 2<\/strong>, l&#8217;ascensore vi porter\u00e0 direttamente all&#8217;Auditorium 1\/2.<\/p>\n<h2><\/h2>\n<h2>Registrazione<\/h2>\n<p>Registrarsi tramite il sito web<br \/>\ndell&#8217;<strong>Universit\u00e0 di Lucerna<\/strong> an: <a href=\"http:\/\/www.unilu.ch\/duchenne2025\">www.unilu.ch\/duchenne2025<\/a><\/p>\n<p>&nbsp;<\/p>\n<p><a href=\"https:\/\/www.duchenne-schweiz.ch\/wp-content\/uploads\/2025\/09\/programm-A4-250923_Version_ITprint.pdf\"><img loading=\"lazy\" decoding=\"async\" class=\" wp-image-16144 alignnone\" src=\"https:\/\/www.duchenne-schweiz.ch\/wp-content\/uploads\/2025\/09\/Bildschirmfoto-2025-09-24-um-10.52.12-1000x1189.png\" alt=\"\" width=\"671\" height=\"798\" \/><\/a><\/p>\n<h2><\/h2>\n<h2><\/h2>\n<h2><\/h2>\n<h2><\/h2>\n<h2><\/h2>\n<h2>Gruppi target<\/h2>\n<ul>\n<li>Professionisti nel campo delle malattie neuromuscolari come la DMD e delle aree correlate, come medici, terapisti e ricercatori,<\/li>\n<li>i pazienti e le loro famiglie e<\/li>\n<li>Tutti,\n<ul>\n<li>che desiderano informarsi sulle pi\u00f9 recenti scoperte scientifiche e terapeutiche<\/li>\n<li>che desiderano avere una visione d&#8217;insieme della vita con la DMD<\/li>\n<li>che desiderano ampliare la propria rete in relazione alla DMD<\/li>\n<\/ul>\n<\/li>\n<\/ul>\n<h2><\/h2>\n<h2>Programma per bambini<\/h2>\n<p>Dalle 9.00 alle 17.00 offriamo un programma per bambini e ragazzi di et\u00e0 compresa tra i 6 e i 18 anni, con la supervisione di due persone.<br \/>\nOffriamo le seguenti attivit\u00e0: pittura di borse da ginnastica, pittura del viso, tatuaggi, modellazione di palloncini, vari giochi e un tavolo di pittura e creativit\u00e0. Il programma per bambini \u00e8 comprensivo e incluso nella quota di iscrizione. Si prega di indicare le proprie esigenze al momento dell&#8217;iscrizione.<\/p>\n<h2><\/h2>\n<h2>Precedente Conferenze sulla Duchenne<\/h2>\n<p>Tra il 2016 e il 2022, il nostro partner <a href=\"https:\/\/progena.ch\">Progena<\/a> ha organizzato e ospitato la Conferenza sulla Duchenne, affermandola come uno degli eventi pi\u00f9 importanti in questo campo. La prima Conferenza sulla Duchenne in lingua tedesca si \u00e8 svolta nel settembre 2016 presso l&#8217;Hotel Hermitage di Lucerna e ha attirato 100 partecipanti.<\/p>\n<p>La seconda conferenza, tenutasi nel settembre 2018 presso l&#8217;Hotel Sempachersee di Nottwil, ha registrato il tutto esaurito con 130 partecipanti. Alla terza conferenza del settembre 2022, che si \u00e8 tenuta sempre a Nottwil, il numero di partecipanti \u00e8 salito a 150, raggiungendo ancora una volta la piena capacit\u00e0.<br \/>\nIl successo di queste conferenze sottolinea il crescente interesse per i complessi argomenti legati alla DMD. L&#8217;evento \u00e8 diventato il pi\u00f9 importante incontro in Svizzera per famiglie, neuropediatri, assistenti, terapisti occupazionali, fisioterapisti e altri professionisti coinvolti nella DMD.<\/p>\n<p><strong>La 4\u00b0 Conferenza Duchenne<\/strong> \u00e8 organizzata da Duchenne-Svizzera in collaborazione con l&#8217;Universit\u00e0 di Lucerna. Per la prima volta, la conferenza si terr\u00e0 in tre lingue e le presentazioni saranno tradotte in tedesco, francese e italiano.<\/p>\n<h2><\/h2>\n<h2><\/h2>\n<h2>Grazie ai nostri sponsor<\/h2>\n<p><a href=\"https:\/\/www.duchenne-schweiz.ch\/wp-content\/uploads\/2025\/08\/Bildschirmfoto-2025-08-28-um-14.44.07.png\"><img loading=\"lazy\" decoding=\"async\" class=\"aligncenter size-medium wp-image-16008\" src=\"https:\/\/www.duchenne-schweiz.ch\/wp-content\/uploads\/2025\/08\/Bildschirmfoto-2025-08-28-um-14.44.07-1000x594.png\" alt=\"\" width=\"1000\" height=\"594\" srcset=\"https:\/\/www.duchenne-schweiz.ch\/wp-content\/uploads\/2025\/08\/Bildschirmfoto-2025-08-28-um-14.44.07-980x582.png 980w, https:\/\/www.duchenne-schweiz.ch\/wp-content\/uploads\/2025\/08\/Bildschirmfoto-2025-08-28-um-14.44.07-480x285.png 480w\" sizes=\"(min-width: 0px) and (max-width: 480px) 480px, (min-width: 481px) and (max-width: 980px) 980px, (min-width: 981px) 1000px, 100vw\" \/><\/a><\/p>\n<h2><\/h2>\n<h2><\/h2>\n<p>&nbsp;<\/p>\n<p>&nbsp;<\/p>\n<p>&nbsp;<\/p>\n","protected":false},"excerpt":{"rendered":"<p>La 4a Conferenza Duchenne si terr\u00e0 il 26 settembre 2025. \u00c8 rivolta a tutti coloro che sono coinvolti o colpiti dalla distrofia muscolare di Duchenne (DMD). Sede Centro svizzero per paraplegici (SPZ) Albergo Sempachersee Kantonsstrasse 46 6207 Nottwil www.hotelsempachersee.ch Come arrivare La conferenza si svolger\u00e0 nei locali del CSP presso l&#8217;Hotel Sempachersee. Indicazioni e pianificazione [&hellip;]<\/p>\n","protected":false},"author":24792,"featured_media":15746,"parent":0,"menu_order":0,"comment_status":"closed","ping_status":"closed","template":"","meta":{"_et_pb_use_builder":"","_et_pb_old_content":"","_et_gb_content_width":"","inline_featured_image":false,"footnotes":""},"class_list":["post-15546","page","type-page","status-publish","has-post-thumbnail","hentry"],"_links":{"self":[{"href":"https:\/\/www.duchenne-schweiz.ch\/it\/wp-json\/wp\/v2\/pages\/15546","targetHints":{"allow":["GET"]}}],"collection":[{"href":"https:\/\/www.duchenne-schweiz.ch\/it\/wp-json\/wp\/v2\/pages"}],"about":[{"href":"https:\/\/www.duchenne-schweiz.ch\/it\/wp-json\/wp\/v2\/types\/page"}],"author":[{"embeddable":true,"href":"https:\/\/www.duchenne-schweiz.ch\/it\/wp-json\/wp\/v2\/users\/24792"}],"replies":[{"embeddable":true,"href":"https:\/\/www.duchenne-schweiz.ch\/it\/wp-json\/wp\/v2\/comments?post=15546"}],"version-history":[{"count":7,"href":"https:\/\/www.duchenne-schweiz.ch\/it\/wp-json\/wp\/v2\/pages\/15546\/revisions"}],"predecessor-version":[{"id":16147,"href":"https:\/\/www.duchenne-schweiz.ch\/it\/wp-json\/wp\/v2\/pages\/15546\/revisions\/16147"}],"wp:featuredmedia":[{"embeddable":true,"href":"https:\/\/www.duchenne-schweiz.ch\/it\/wp-json\/wp\/v2\/media\/15746"}],"wp:attachment":[{"href":"https:\/\/www.duchenne-schweiz.ch\/it\/wp-json\/wp\/v2\/media?parent=15546"}],"curies":[{"name":"wp","href":"https:\/\/api.w.org\/{rel}","templated":true}]}}

<p>La 4a Conferenza Duchenne si terrà il <strong>26 settembre 2025</strong>.<br />
È rivolta a tutti coloro che sono coinvolti o colpiti dalla distrofia muscolare di Duchenne (DMD).</p>
<p><a href="https://www.duchenne-schweiz.ch/wp-content/uploads/2025/09/programm-A4-250923_Version_ITprint.pdf"><img loading="lazy" decoding="async" class=" wp-image-16141 alignright" src="https://www.duchenne-schweiz.ch/wp-content/uploads/2025/09/Bildschirmfoto-2025-09-24-um-10.50.56-1000x1407.png" alt="" width="254" height="357" /></a></p>
<h2></h2>
<h2>Sede</h2>
<p>Centro svizzero per paraplegici (SPZ)<br />
Albergo Sempachersee<br />
Kantonsstrasse 46<br />
6207 Nottwil<br />
<a href="http://www.hotelsempachersee.ch">www.hotelsempachersee.ch</a></p>
<h2>Come arrivare</h2>
<p>La conferenza si svolgerà nei locali del CSP presso l&#8217;Hotel Sempachersee.<br />
Indicazioni e pianificazione del percorso tramite <a href="https://search.ch/map/Nottwil,Kantonsstr.46?pos=652467,221140&amp;zoom=15" target="_blank" rel="noopener">search.ch</a></p>
<p>È preferibile utilizzare il <strong>parcheggio 2</strong>, l&#8217;ascensore vi porterà direttamente all&#8217;Auditorium 1/2.</p>
<h2></h2>
<h2>Registrazione</h2>
<p>Registrarsi tramite il sito web<br />
dell&#8217;<strong>Università di Lucerna</strong> an: <a href="http://www.unilu.ch/duchenne2025">www.unilu.ch/duchenne2025</a></p>
<p>&nbsp;</p>
<p><a href="https://www.duchenne-schweiz.ch/wp-content/uploads/2025/09/programm-A4-250923_Version_ITprint.pdf"><img loading="lazy" decoding="async" class=" wp-image-16144 alignnone" src="https://www.duchenne-schweiz.ch/wp-content/uploads/2025/09/Bildschirmfoto-2025-09-24-um-10.52.12-1000x1189.png" alt="" width="671" height="798" /></a></p>
<h2></h2>
<h2></h2>
<h2></h2>
<h2></h2>
<h2></h2>
<h2>Gruppi target</h2>
<ul>
<li>Professionisti nel campo delle malattie neuromuscolari come la DMD e delle aree correlate, come medici, terapisti e ricercatori,</li>
<li>i pazienti e le loro famiglie e</li>
<li>Tutti,
<ul>
<li>che desiderano informarsi sulle più recenti scoperte scientifiche e terapeutiche</li>
<li>che desiderano avere una visione d&#8217;insieme della vita con la DMD</li>
<li>che desiderano ampliare la propria rete in relazione alla DMD</li>
</ul>
</li>
</ul>
<h2></h2>
<h2>Programma per bambini</h2>
<p>Dalle 9.00 alle 17.00 offriamo un programma per bambini e ragazzi di età compresa tra i 6 e i 18 anni, con la supervisione di due persone.<br />
Offriamo le seguenti attività: pittura di borse da ginnastica, pittura del viso, tatuaggi, modellazione di palloncini, vari giochi e un tavolo di pittura e creatività. Il programma per bambini è comprensivo e incluso nella quota di iscrizione. Si prega di indicare le proprie esigenze al momento dell&#8217;iscrizione.</p>
<h2></h2>
<h2>Precedente Conferenze sulla Duchenne</h2>
<p>Tra il 2016 e il 2022, il nostro partner <a href="https://progena.ch">Progena</a> ha organizzato e ospitato la Conferenza sulla Duchenne, affermandola come uno degli eventi più importanti in questo campo. La prima Conferenza sulla Duchenne in lingua tedesca si è svolta nel settembre 2016 presso l&#8217;Hotel Hermitage di Lucerna e ha attirato 100 partecipanti.</p>
<p>La seconda conferenza, tenutasi nel settembre 2018 presso l&#8217;Hotel Sempachersee di Nottwil, ha registrato il tutto esaurito con 130 partecipanti. Alla terza conferenza del settembre 2022, che si è tenuta sempre a Nottwil, il numero di partecipanti è salito a 150, raggiungendo ancora una volta la piena capacità.<br />
Il successo di queste conferenze sottolinea il crescente interesse per i complessi argomenti legati alla DMD. L&#8217;evento è diventato il più importante incontro in Svizzera per famiglie, neuropediatri, assistenti, terapisti occupazionali, fisioterapisti e altri professionisti coinvolti nella DMD.</p>
<p><strong>La 4° Conferenza Duchenne</strong> è organizzata da Duchenne-Svizzera in collaborazione con l&#8217;Università di Lucerna. Per la prima volta, la conferenza si terrà in tre lingue e le presentazioni saranno tradotte in tedesco, francese e italiano.</p>
<h2></h2>
<h2></h2>
<h2>Grazie ai nostri sponsor</h2>
<p><a href="https://www.duchenne-schweiz.ch/wp-content/uploads/2025/08/Bildschirmfoto-2025-08-28-um-14.44.07.png"><img loading="lazy" decoding="async" class="aligncenter size-medium wp-image-16008" src="https://www.duchenne-schweiz.ch/wp-content/uploads/2025/08/Bildschirmfoto-2025-08-28-um-14.44.07-1000x594.png" alt="" width="1000" height="594" srcset="https://www.duchenne-schweiz.ch/wp-content/uploads/2025/08/Bildschirmfoto-2025-08-28-um-14.44.07-980x582.png 980w, https://www.duchenne-schweiz.ch/wp-content/uploads/2025/08/Bildschirmfoto-2025-08-28-um-14.44.07-480x285.png 480w" sizes="(min-width: 0px) and (max-width: 480px) 480px, (min-width: 481px) and (max-width: 980px) 980px, (min-width: 981px) 1000px, 100vw" /></a></p>
<h2></h2>
<h2></h2>
<p>&nbsp;</p>
<p>&nbsp;</p>
<p>&nbsp;</p>

<p>La 4a Conferenza Duchenne si terrà il 26 settembre 2025. È rivolta a tutti coloro che sono coinvolti o colpiti dalla distrofia muscolare di Duchenne (DMD). Sede Centro svizzero per paraplegici (SPZ) Albergo Sempachersee Kantonsstrasse 46 6207 Nottwil www.hotelsempachersee.ch Come arrivare La conferenza si svolgerà nei locali del CSP presso l&#8217;Hotel Sempachersee. Indicazioni e pianificazione [&hellip;]</p>
