{"id":15627,"date":"2025-05-23T14:15:50","date_gmt":"2025-05-23T13:15:50","guid":{"rendered":"https:\/\/www.duchenne-schweiz.ch\/?page_id=15627"},"modified":"2025-06-02T09:31:37","modified_gmt":"2025-06-02T08:31:37","slug":"dons","status":"publish","type":"page","link":"https:\/\/www.duchenne-schweiz.ch\/fr\/dons\/","title":{"rendered":"Dons"},"content":{"rendered":"<p style=\"text-align: left;\"><strong>Merci d&rsquo;avoir choisi de faire un don.<\/strong><\/p>\n<p>Gr\u00e2ce \u00e0 votre don, nous permettons aux familles concern\u00e9es de b\u00e9n\u00e9ficier d&rsquo;un soutien dont elles ont un besoin urgent gr\u00e2ce au coaching familial et au soutien de pair \u00e0 pair, nous organisons tous les deux ans la conf\u00e9rence sur la maladie de Duchenne pour l&rsquo;\u00e9change de connaissances et d&rsquo;exp\u00e9riences et nous am\u00e9liorons la qualit\u00e9 de vie des personnes concern\u00e9es gr\u00e2ce \u00e0 des subventions pour des th\u00e9rapies sp\u00e9cialis\u00e9es et des moyens auxiliaires.<\/p>\n<p><strong>Don par bulletin de versement<\/strong> (de pr\u00e9f\u00e9rence, cela ne nous co\u00fbte rien).<br \/>\nVous avez la possibilit\u00e9 de recevoir une attestation de don via notre formulaire de donateur.<br \/>\n<a href=\"https:\/\/www.duchenne-schweiz.ch\/kontakt\/goenner-werden\/\">https:\/\/www.duchenne-schweiz.ch\/kontakt\/goenner-werden\/<\/a><\/p>\n<p><a href=\"https:\/\/www.duchenne-schweiz.ch\/wp-content\/uploads\/2025\/04\/Einzahlungsschein-Duchenne-Schweiz.jpg\"><img loading=\"lazy\" decoding=\"async\" class=\"wp-image-15350 size-full\" src=\"https:\/\/www.duchenne-schweiz.ch\/wp-content\/uploads\/2025\/04\/Einzahlungsschein-Duchenne-Schweiz.jpg\" alt=\"Einzahlungsschein\" width=\"883\" height=\"459\" srcset=\"https:\/\/www.duchenne-schweiz.ch\/wp-content\/uploads\/2025\/04\/Einzahlungsschein-Duchenne-Schweiz.jpg 883w, https:\/\/www.duchenne-schweiz.ch\/wp-content\/uploads\/2025\/04\/Einzahlungsschein-Duchenne-Schweiz-480x250.jpg 480w\" sizes=\"(min-width: 0px) and (max-width: 480px) 480px, (min-width: 481px) 883px, 100vw\" \/><\/a><\/p>\n<p><strong>Faire un don via TWINT<\/strong><\/p>\n<div id=\"rnw-paylink-button-zkyrm\"><\/div>\n<p><script type=\"module\">\n  import {TwintButton} from \"https:\/\/unpkg.com\/@raisenow\/paylink-button@2\/dist\/TwintButton.js\"\n  TwintButton.render(\"#rnw-paylink-button-zkyrm\", {\n    \"solution-id\": \"zkyrm\",\n    \"solution-type\": \"donate\",\n    \"language\": \"de\",\n    \"size\": \"medium\",\n    \"width\": \"fixed\",\n    \"color-scheme\": \"dark\",\n  })\n<\/script><\/p>\n<p>&nbsp;<\/p>\n<p><strong>Si tu souhaites devenir membre, n&rsquo;h\u00e9site pas \u00e0 nous contacter via ce <a href=\"https:\/\/www.duchenne-schweiz.ch\/fr\/devenir-membre\/\">formulaire.<\/a><\/strong><\/p>\n<p>&nbsp;<\/p>\n<p>&nbsp;<\/p>\n","protected":false},"excerpt":{"rendered":"<p>Merci d&rsquo;avoir choisi de faire un don. Gr\u00e2ce \u00e0 votre don, nous permettons aux familles concern\u00e9es de b\u00e9n\u00e9ficier d&rsquo;un soutien dont elles ont un besoin urgent gr\u00e2ce au coaching familial et au soutien de pair \u00e0 pair, nous organisons tous les deux ans la conf\u00e9rence sur la maladie de Duchenne pour l&rsquo;\u00e9change de connaissances et [&hellip;]<\/p>\n","protected":false},"author":24792,"featured_media":0,"parent":0,"menu_order":0,"comment_status":"closed","ping_status":"closed","template":"","meta":{"_et_pb_use_builder":"on","_et_pb_old_content":"","_et_gb_content_width":"","inline_featured_image":false,"footnotes":""},"class_list":["post-15627","page","type-page","status-publish","hentry"],"_links":{"self":[{"href":"https:\/\/www.duchenne-schweiz.ch\/fr\/wp-json\/wp\/v2\/pages\/15627","targetHints":{"allow":["GET"]}}],"collection":[{"href":"https:\/\/www.duchenne-schweiz.ch\/fr\/wp-json\/wp\/v2\/pages"}],"about":[{"href":"https:\/\/www.duchenne-schweiz.ch\/fr\/wp-json\/wp\/v2\/types\/page"}],"author":[{"embeddable":true,"href":"https:\/\/www.duchenne-schweiz.ch\/fr\/wp-json\/wp\/v2\/users\/24792"}],"replies":[{"embeddable":true,"href":"https:\/\/www.duchenne-schweiz.ch\/fr\/wp-json\/wp\/v2\/comments?post=15627"}],"version-history":[{"count":5,"href":"https:\/\/www.duchenne-schweiz.ch\/fr\/wp-json\/wp\/v2\/pages\/15627\/revisions"}],"predecessor-version":[{"id":15682,"href":"https:\/\/www.duchenne-schweiz.ch\/fr\/wp-json\/wp\/v2\/pages\/15627\/revisions\/15682"}],"wp:attachment":[{"href":"https:\/\/www.duchenne-schweiz.ch\/fr\/wp-json\/wp\/v2\/media?parent=15627"}],"curies":[{"name":"wp","href":"https:\/\/api.w.org\/{rel}","templated":true}]}}

<p style="text-align: left;"><strong>Merci d&rsquo;avoir choisi de faire un don.</strong></p>
<p>Grâce à votre don, nous permettons aux familles concernées de bénéficier d&rsquo;un soutien dont elles ont un besoin urgent grâce au coaching familial et au soutien de pair à pair, nous organisons tous les deux ans la conférence sur la maladie de Duchenne pour l&rsquo;échange de connaissances et d&rsquo;expériences et nous améliorons la qualité de vie des personnes concernées grâce à des subventions pour des thérapies spécialisées et des moyens auxiliaires.</p>
<p><strong>Don par bulletin de versement</strong> (de préférence, cela ne nous coûte rien).<br />
Vous avez la possibilité de recevoir une attestation de don via notre formulaire de donateur.<br />
<a href="https://www.duchenne-schweiz.ch/kontakt/goenner-werden/">https://www.duchenne-schweiz.ch/kontakt/goenner-werden/</a></p>
<p><a href="https://www.duchenne-schweiz.ch/wp-content/uploads/2025/04/Einzahlungsschein-Duchenne-Schweiz.jpg"><img loading="lazy" decoding="async" class="wp-image-15350 size-full" src="https://www.duchenne-schweiz.ch/wp-content/uploads/2025/04/Einzahlungsschein-Duchenne-Schweiz.jpg" alt="Einzahlungsschein" width="883" height="459" srcset="https://www.duchenne-schweiz.ch/wp-content/uploads/2025/04/Einzahlungsschein-Duchenne-Schweiz.jpg 883w, https://www.duchenne-schweiz.ch/wp-content/uploads/2025/04/Einzahlungsschein-Duchenne-Schweiz-480x250.jpg 480w" sizes="(min-width: 0px) and (max-width: 480px) 480px, (min-width: 481px) 883px, 100vw" /></a></p>
<p><strong>Faire un don via TWINT</strong></p>
<div id="rnw-paylink-button-zkyrm"></div>
<p><script type="module">
  import {TwintButton} from "https://unpkg.com/@raisenow/paylink-button@2/dist/TwintButton.js"
  TwintButton.render("#rnw-paylink-button-zkyrm", {
    "solution-id": "zkyrm",
    "solution-type": "donate",
    "language": "de",
    "size": "medium",
    "width": "fixed",
    "color-scheme": "dark",
  })
</script></p>
<p>&nbsp;</p>
<p><strong>Si tu souhaites devenir membre, n&rsquo;hésite pas à nous contacter via ce <a href="https://www.duchenne-schweiz.ch/fr/devenir-membre/">formulaire.</a></strong></p>
<p>&nbsp;</p>
<p>&nbsp;</p>

<p>Merci d&rsquo;avoir choisi de faire un don. Grâce à votre don, nous permettons aux familles concernées de bénéficier d&rsquo;un soutien dont elles ont un besoin urgent grâce au coaching familial et au soutien de pair à pair, nous organisons tous les deux ans la conférence sur la maladie de Duchenne pour l&rsquo;échange de connaissances et [&hellip;]</p>
