{"id":15548,"date":"2025-05-08T09:59:30","date_gmt":"2025-05-08T08:59:30","guid":{"rendered":"https:\/\/www.duchenne-schweiz.ch\/confirmation-de-paiement\/"},"modified":"2025-05-08T09:59:30","modified_gmt":"2025-05-08T08:59:30","slug":"confirmation-de-paiement","status":"publish","type":"page","link":"https:\/\/www.duchenne-schweiz.ch\/fr\/confirmation-de-paiement\/","title":{"rendered":"Confirmation de paiement"},"content":{"rendered":"<p><a href=\"https:\/\/www.duchenne-schweiz.ch\/wp-content\/uploads\/2024\/11\/image-1-e1733999267212.png\"><img loading=\"lazy\" decoding=\"async\" class=\"wp-image-13566 alignright\" src=\"https:\/\/www.duchenne-schweiz.ch\/wp-content\/uploads\/2024\/11\/image-1-e1733999267212.png\" alt=\"\" width=\"245\" height=\"198\"><\/a><\/p>\n<p>Nous vous remercions d&rsquo;avoir pay\u00e9 les frais d&rsquo;inscription.<\/p>\n<p>Nous nous r\u00e9jouissons de votre contribution et de pouvoir vous accueillir \u00e0 la conf\u00e9rence !<\/p>\n<p>Vous recevrez dans les prochains jours une confirmation d&rsquo;inscription d\u00e9finitive par e-mail avec de plus amples informations sur la conf\u00e9rence Duchenne Suisse.<\/p>\n<p>Cordiales salutations<\/p>\n<p>Oliver Gr\u00fcbner et tout le comit\u00e9 d&rsquo;organisation<\/p>\n<p>&nbsp;<\/p>\n<p>&nbsp;<\/p>\n","protected":false},"excerpt":{"rendered":"<p>Nous vous remercions d&rsquo;avoir pay\u00e9 les frais d&rsquo;inscription. Nous nous r\u00e9jouissons de votre contribution et de pouvoir vous accueillir \u00e0 la conf\u00e9rence ! Vous recevrez dans les prochains jours une confirmation d&rsquo;inscription d\u00e9finitive par e-mail avec de plus amples informations sur la conf\u00e9rence Duchenne Suisse. Cordiales salutations Oliver Gr\u00fcbner et tout le comit\u00e9 d&rsquo;organisation &nbsp; [&hellip;]<\/p>\n","protected":false},"author":24792,"featured_media":0,"parent":0,"menu_order":0,"comment_status":"closed","ping_status":"closed","template":"","meta":{"_et_pb_use_builder":"","_et_pb_old_content":"","_et_gb_content_width":"","inline_featured_image":false,"footnotes":""},"class_list":["post-15548","page","type-page","status-publish","hentry"],"_links":{"self":[{"href":"https:\/\/www.duchenne-schweiz.ch\/fr\/wp-json\/wp\/v2\/pages\/15548","targetHints":{"allow":["GET"]}}],"collection":[{"href":"https:\/\/www.duchenne-schweiz.ch\/fr\/wp-json\/wp\/v2\/pages"}],"about":[{"href":"https:\/\/www.duchenne-schweiz.ch\/fr\/wp-json\/wp\/v2\/types\/page"}],"author":[{"embeddable":true,"href":"https:\/\/www.duchenne-schweiz.ch\/fr\/wp-json\/wp\/v2\/users\/24792"}],"replies":[{"embeddable":true,"href":"https:\/\/www.duchenne-schweiz.ch\/fr\/wp-json\/wp\/v2\/comments?post=15548"}],"version-history":[{"count":0,"href":"https:\/\/www.duchenne-schweiz.ch\/fr\/wp-json\/wp\/v2\/pages\/15548\/revisions"}],"wp:attachment":[{"href":"https:\/\/www.duchenne-schweiz.ch\/fr\/wp-json\/wp\/v2\/media?parent=15548"}],"curies":[{"name":"wp","href":"https:\/\/api.w.org\/{rel}","templated":true}]}}

<p><a href="https://www.duchenne-schweiz.ch/wp-content/uploads/2024/11/image-1-e1733999267212.png"><img loading="lazy" decoding="async" class="wp-image-13566 alignright" src="https://www.duchenne-schweiz.ch/wp-content/uploads/2024/11/image-1-e1733999267212.png" alt="" width="245" height="198"></a></p>
<p>Nous vous remercions d&rsquo;avoir payé les frais d&rsquo;inscription.</p>
<p>Nous nous réjouissons de votre contribution et de pouvoir vous accueillir à la conférence !</p>
<p>Vous recevrez dans les prochains jours une confirmation d&rsquo;inscription définitive par e-mail avec de plus amples informations sur la conférence Duchenne Suisse.</p>
<p>Cordiales salutations</p>
<p>Oliver Grübner et tout le comité d&rsquo;organisation</p>
<p>&nbsp;</p>
<p>&nbsp;</p>

<p>Nous vous remercions d&rsquo;avoir payé les frais d&rsquo;inscription. Nous nous réjouissons de votre contribution et de pouvoir vous accueillir à la conférence ! Vous recevrez dans les prochains jours une confirmation d&rsquo;inscription définitive par e-mail avec de plus amples informations sur la conférence Duchenne Suisse. Cordiales salutations Oliver Grübner et tout le comité d&rsquo;organisation &nbsp; [&hellip;]</p>
