{"id":15542,"date":"2024-12-11T12:23:39","date_gmt":"2024-12-11T11:23:39","guid":{"rendered":"https:\/\/www.duchenne-schweiz.ch\/conference-duchenne-2025\/"},"modified":"2025-09-24T09:48:04","modified_gmt":"2025-09-24T08:48:04","slug":"conference-duchenne-2025","status":"publish","type":"page","link":"https:\/\/www.duchenne-schweiz.ch\/fr\/conference-duchenne-2025\/","title":{"rendered":"Conf\u00e9rence Duchenne 2025"},"content":{"rendered":"<p>La 4e conf\u00e9rence Duchenne aura lieu le <strong>26 septembre 2025<\/strong>.<br \/>\nElle s&rsquo;adresse \u00e0 tous ceux qui sont concern\u00e9s ou touch\u00e9s par la dystrophie musculaire de Duchenne (DMD).<\/p>\n<p><a href=\"https:\/\/www.duchenne-schweiz.ch\/wp-content\/uploads\/2025\/09\/programm-A4-250923_Version_FRprint.pdf\"><img loading=\"lazy\" decoding=\"async\" class=\" wp-image-16132 alignright\" src=\"https:\/\/www.duchenne-schweiz.ch\/wp-content\/uploads\/2025\/09\/Bildschirmfoto-2025-09-24-um-10.40.12-1000x1420.png\" alt=\"\" width=\"273\" height=\"388\" \/><\/a><\/p>\n<h2><\/h2>\n<h2>Lieu de l&rsquo;\u00e9v\u00e9nement<\/h2>\n<p>Centre suisse des parapl\u00e9giques (CSP)<br \/>\nH\u00f4tel Lac de Sempach<br \/>\nRue cantonale 46<br \/>\n6207 Nottwil<br \/>\n<a href=\"http:\/\/www.hotelsempachersee.ch\">www.hotelsempachersee.ch<\/a><\/p>\n<h2>Acc\u00e8s<\/h2>\n<p>La conf\u00e9rence aura lieu sur le site du CSP \u00e0 l&rsquo;h\u00f4tel Sempachersee.<br \/>\nAcc\u00e8s et planification d&rsquo;itin\u00e9raire via <a href=\"https:\/\/search.ch\/map\/Nottwil,Kantonsstr.46?pos=652467,221140&amp;zoom=15\" target=\"_blank\" rel=\"noopener\">search.ch<\/a><\/p>\n<p>Il est pr\u00e9f\u00e9rable d&rsquo;utiliser le <strong>parking 2<\/strong>, dont l&rsquo;ascenseur vous m\u00e8nera directement \u00e0 l&rsquo;auditorium 1\/2.<\/p>\n<h2><\/h2>\n<h2>Inscription<\/h2>\n<p>Veuillez vous connecter via le site<br \/>\nde <strong>l&rsquo;Universit\u00e9 deLucerne<\/strong>: <a href=\"http:\/\/www.unilu.ch\/duchenne2025\">www.unilu.ch\/duchenne2025<\/a><\/p>\n<p>&nbsp;<\/p>\n<p><a href=\"https:\/\/www.duchenne-schweiz.ch\/wp-content\/uploads\/2025\/09\/Bildschirmfoto-2025-09-24-um-10.41.37.png\"><img loading=\"lazy\" decoding=\"async\" class=\" wp-image-16135 alignnone\" src=\"https:\/\/www.duchenne-schweiz.ch\/wp-content\/uploads\/2025\/09\/Bildschirmfoto-2025-09-24-um-10.41.37-1000x1178.png\" alt=\"\" width=\"657\" height=\"774\" \/><\/a><\/p>\n<h2><\/h2>\n<h2><\/h2>\n<h2><\/h2>\n<h2>Groupes cibles<\/h2>\n<ul>\n<li>Professionnels dans le domaine des maladies neuromusculaires telles que la DMD et les domaines connexes, tels que les m\u00e9decins, les th\u00e9rapeutes et les chercheurs,<\/li>\n<li>les patients et leurs familles, et<\/li>\n<li>Tous,\n<ul>\n<li>qui souhaitent s&rsquo;informer des derni\u00e8res avanc\u00e9es scientifiques et th\u00e9rapeutiques<\/li>\n<li>qui souhaitent avoir une vue d&rsquo;ensemble de la vie avec la DMD<\/li>\n<li>qui souhaitent d\u00e9velopper leur r\u00e9seau en rapport avec le DMD<\/li>\n<\/ul>\n<\/li>\n<\/ul>\n<h2><\/h2>\n<h2>Programme pour enfants<\/h2>\n<p>De 9 \u00e0 17 heures, nous proposons un programme pour les enfants et les jeunes de 6 \u00e0 18 ans, encadr\u00e9 par deux personnes.<br \/>\nNous proposons les activit\u00e9s suivantes: peinture sur sac de gym, maquillage, tatouages, modelage de ballons, jeux divers et table de peinture et de cr\u00e9ation. Le programme pour enfants est con\u00e7u de mani\u00e8re inclusive et est compris dans les frais d&rsquo;inscription. Veuillez indiquer les besoins correspondants lors de l&rsquo;inscription.<\/p>\n<h2><\/h2>\n<h2>Pr\u00e9c\u00e9dentes conf\u00e9rences sur la maladie de Duchenne<\/h2>\n<p>Entre 2016 et 2022, notre partenaire <a href=\"https:\/\/progena.ch\">Progena<\/a> a organis\u00e9 et accueilli la conf\u00e9rence Duchenne et l&rsquo;a \u00e9tablie comme l&rsquo;un des \u00e9v\u00e9nements les plus importants dans ce domaine. La premi\u00e8re conf\u00e9rence germanophone sur la maladie de Duchenne a eu lieu en septembre 2016 \u00e0 l&rsquo;h\u00f4tel Hermitage de Lucerne et a attir\u00e9 100 participants.<\/p>\n<p>La deuxi\u00e8me conf\u00e9rence a suivi en septembre 2018 \u00e0 l&rsquo;h\u00f4tel Sempachersee \u00e0 Nottwil et a affich\u00e9 complet avec 130 participants. Lors de la troisi\u00e8me conf\u00e9rence, en septembre 2022, toujours \u00e0 Nottwil, le nombre de participants \u00e9tait pass\u00e9 \u00e0 150, ce qui a permis d&rsquo;atteindre \u00e0 nouveau un taux de remplissage complet.<br \/>\nLe succ\u00e8s de ces conf\u00e9rences souligne l&rsquo;int\u00e9r\u00eat croissant pour les sujets complexes li\u00e9s \u00e0 la DMD. L&rsquo;\u00e9v\u00e9nement est devenu le rendez-vous le plus important en Suisse pour les familles, les neurop\u00e9diatres, les soignants, les ergoth\u00e9rapeutes, les kin\u00e9sith\u00e9rapeutes et autres professionnels impliqu\u00e9s dans la DMD.<\/p>\n<p><strong>La 4\u00e8me Conf\u00e9rence Duchenne<\/strong> est organis\u00e9e par Duchenne-Suisse en collaboration avec l&rsquo;Universit\u00e9 de Lucerne. Pour la premi\u00e8re fois, elle se d\u00e9roulera en trois langues et les interventions des sp\u00e9cialistes seront traduites en allemand, fran\u00e7ais et italien.<\/p>\n<h2><\/h2>\n<h2><\/h2>\n<h2>Un grand merci \u00e0 nos sponsors<\/h2>\n<p><a href=\"https:\/\/www.duchenne-schweiz.ch\/wp-content\/uploads\/2025\/08\/Bildschirmfoto-2025-08-28-um-14.44.07.png\"><img loading=\"lazy\" decoding=\"async\" class=\"aligncenter size-medium wp-image-16008\" src=\"https:\/\/www.duchenne-schweiz.ch\/wp-content\/uploads\/2025\/08\/Bildschirmfoto-2025-08-28-um-14.44.07-1000x594.png\" alt=\"\" width=\"1000\" height=\"594\" srcset=\"https:\/\/www.duchenne-schweiz.ch\/wp-content\/uploads\/2025\/08\/Bildschirmfoto-2025-08-28-um-14.44.07-980x582.png 980w, https:\/\/www.duchenne-schweiz.ch\/wp-content\/uploads\/2025\/08\/Bildschirmfoto-2025-08-28-um-14.44.07-480x285.png 480w\" sizes=\"(min-width: 0px) and (max-width: 480px) 480px, (min-width: 481px) and (max-width: 980px) 980px, (min-width: 981px) 1000px, 100vw\" \/><\/a><\/p>\n<h2><\/h2>\n<h2><\/h2>\n<p>&nbsp;<\/p>\n<p>&nbsp;<\/p>\n<p>&nbsp;<\/p>\n","protected":false},"excerpt":{"rendered":"<p>La 4e conf\u00e9rence Duchenne aura lieu le 26 septembre 2025. Elle s&rsquo;adresse \u00e0 tous ceux qui sont concern\u00e9s ou touch\u00e9s par la dystrophie musculaire de Duchenne (DMD). Lieu de l&rsquo;\u00e9v\u00e9nement Centre suisse des parapl\u00e9giques (CSP) H\u00f4tel Lac de Sempach Rue cantonale 46 6207 Nottwil www.hotelsempachersee.ch Acc\u00e8s La conf\u00e9rence aura lieu sur le site du CSP [&hellip;]<\/p>\n","protected":false},"author":24792,"featured_media":15745,"parent":0,"menu_order":0,"comment_status":"closed","ping_status":"closed","template":"","meta":{"_et_pb_use_builder":"","_et_pb_old_content":"","_et_gb_content_width":"","inline_featured_image":false,"footnotes":""},"class_list":["post-15542","page","type-page","status-publish","has-post-thumbnail","hentry"],"_links":{"self":[{"href":"https:\/\/www.duchenne-schweiz.ch\/fr\/wp-json\/wp\/v2\/pages\/15542","targetHints":{"allow":["GET"]}}],"collection":[{"href":"https:\/\/www.duchenne-schweiz.ch\/fr\/wp-json\/wp\/v2\/pages"}],"about":[{"href":"https:\/\/www.duchenne-schweiz.ch\/fr\/wp-json\/wp\/v2\/types\/page"}],"author":[{"embeddable":true,"href":"https:\/\/www.duchenne-schweiz.ch\/fr\/wp-json\/wp\/v2\/users\/24792"}],"replies":[{"embeddable":true,"href":"https:\/\/www.duchenne-schweiz.ch\/fr\/wp-json\/wp\/v2\/comments?post=15542"}],"version-history":[{"count":21,"href":"https:\/\/www.duchenne-schweiz.ch\/fr\/wp-json\/wp\/v2\/pages\/15542\/revisions"}],"predecessor-version":[{"id":16140,"href":"https:\/\/www.duchenne-schweiz.ch\/fr\/wp-json\/wp\/v2\/pages\/15542\/revisions\/16140"}],"wp:featuredmedia":[{"embeddable":true,"href":"https:\/\/www.duchenne-schweiz.ch\/fr\/wp-json\/wp\/v2\/media\/15745"}],"wp:attachment":[{"href":"https:\/\/www.duchenne-schweiz.ch\/fr\/wp-json\/wp\/v2\/media?parent=15542"}],"curies":[{"name":"wp","href":"https:\/\/api.w.org\/{rel}","templated":true}]}}

Conférence Duchenne 2025

<p>La 4e conférence Duchenne aura lieu le <strong>26 septembre 2025</strong>.<br />
Elle s&rsquo;adresse à tous ceux qui sont concernés ou touchés par la dystrophie musculaire de Duchenne (DMD).</p>
<p><a href="https://www.duchenne-schweiz.ch/wp-content/uploads/2025/09/programm-A4-250923_Version_FRprint.pdf"><img loading="lazy" decoding="async" class=" wp-image-16132 alignright" src="https://www.duchenne-schweiz.ch/wp-content/uploads/2025/09/Bildschirmfoto-2025-09-24-um-10.40.12-1000x1420.png" alt="" width="273" height="388" /></a></p>
<h2></h2>
<h2>Lieu de l&rsquo;événement</h2>
<p>Centre suisse des paraplégiques (CSP)<br />
Hôtel Lac de Sempach<br />
Rue cantonale 46<br />
6207 Nottwil<br />
<a href="http://www.hotelsempachersee.ch">www.hotelsempachersee.ch</a></p>
<h2>Accès</h2>
<p>La conférence aura lieu sur le site du CSP à l&rsquo;hôtel Sempachersee.<br />
Accès et planification d&rsquo;itinéraire via <a href="https://search.ch/map/Nottwil,Kantonsstr.46?pos=652467,221140&amp;zoom=15" target="_blank" rel="noopener">search.ch</a></p>
<p>Il est préférable d&rsquo;utiliser le <strong>parking 2</strong>, dont l&rsquo;ascenseur vous mènera directement à l&rsquo;auditorium 1/2.</p>
<h2></h2>
<h2>Inscription</h2>
<p>Veuillez vous connecter via le site<br />
de <strong>l&rsquo;Université deLucerne</strong>: <a href="http://www.unilu.ch/duchenne2025">www.unilu.ch/duchenne2025</a></p>
<p>&nbsp;</p>
<p><a href="https://www.duchenne-schweiz.ch/wp-content/uploads/2025/09/Bildschirmfoto-2025-09-24-um-10.41.37.png"><img loading="lazy" decoding="async" class=" wp-image-16135 alignnone" src="https://www.duchenne-schweiz.ch/wp-content/uploads/2025/09/Bildschirmfoto-2025-09-24-um-10.41.37-1000x1178.png" alt="" width="657" height="774" /></a></p>
<h2></h2>
<h2></h2>
<h2></h2>
<h2>Groupes cibles</h2>
<ul>
<li>Professionnels dans le domaine des maladies neuromusculaires telles que la DMD et les domaines connexes, tels que les médecins, les thérapeutes et les chercheurs,</li>
<li>les patients et leurs familles, et</li>
<li>Tous,
<ul>
<li>qui souhaitent s&rsquo;informer des dernières avancées scientifiques et thérapeutiques</li>
<li>qui souhaitent avoir une vue d&rsquo;ensemble de la vie avec la DMD</li>
<li>qui souhaitent développer leur réseau en rapport avec le DMD</li>
</ul>
</li>
</ul>
<h2></h2>
<h2>Programme pour enfants</h2>
<p>De 9 à 17 heures, nous proposons un programme pour les enfants et les jeunes de 6 à 18 ans, encadré par deux personnes.<br />
Nous proposons les activités suivantes: peinture sur sac de gym, maquillage, tatouages, modelage de ballons, jeux divers et table de peinture et de création. Le programme pour enfants est conçu de manière inclusive et est compris dans les frais d&rsquo;inscription. Veuillez indiquer les besoins correspondants lors de l&rsquo;inscription.</p>
<h2></h2>
<h2>Précédentes conférences sur la maladie de Duchenne</h2>
<p>Entre 2016 et 2022, notre partenaire <a href="https://progena.ch">Progena</a> a organisé et accueilli la conférence Duchenne et l&rsquo;a établie comme l&rsquo;un des événements les plus importants dans ce domaine. La première conférence germanophone sur la maladie de Duchenne a eu lieu en septembre 2016 à l&rsquo;hôtel Hermitage de Lucerne et a attiré 100 participants.</p>
<p>La deuxième conférence a suivi en septembre 2018 à l&rsquo;hôtel Sempachersee à Nottwil et a affiché complet avec 130 participants. Lors de la troisième conférence, en septembre 2022, toujours à Nottwil, le nombre de participants était passé à 150, ce qui a permis d&rsquo;atteindre à nouveau un taux de remplissage complet.<br />
Le succès de ces conférences souligne l&rsquo;intérêt croissant pour les sujets complexes liés à la DMD. L&rsquo;événement est devenu le rendez-vous le plus important en Suisse pour les familles, les neuropédiatres, les soignants, les ergothérapeutes, les kinésithérapeutes et autres professionnels impliqués dans la DMD.</p>
<p><strong>La 4ème Conférence Duchenne</strong> est organisée par Duchenne-Suisse en collaboration avec l&rsquo;Université de Lucerne. Pour la première fois, elle se déroulera en trois langues et les interventions des spécialistes seront traduites en allemand, français et italien.</p>
<h2></h2>
<h2></h2>
<h2>Un grand merci à nos sponsors</h2>
<p><a href="https://www.duchenne-schweiz.ch/wp-content/uploads/2025/08/Bildschirmfoto-2025-08-28-um-14.44.07.png"><img loading="lazy" decoding="async" class="aligncenter size-medium wp-image-16008" src="https://www.duchenne-schweiz.ch/wp-content/uploads/2025/08/Bildschirmfoto-2025-08-28-um-14.44.07-1000x594.png" alt="" width="1000" height="594" srcset="https://www.duchenne-schweiz.ch/wp-content/uploads/2025/08/Bildschirmfoto-2025-08-28-um-14.44.07-980x582.png 980w, https://www.duchenne-schweiz.ch/wp-content/uploads/2025/08/Bildschirmfoto-2025-08-28-um-14.44.07-480x285.png 480w" sizes="(min-width: 0px) and (max-width: 480px) 480px, (min-width: 481px) and (max-width: 980px) 980px, (min-width: 981px) 1000px, 100vw" /></a></p>
<h2></h2>
<h2></h2>
<p>&nbsp;</p>
<p>&nbsp;</p>
<p>&nbsp;</p>

<p>La 4e conférence Duchenne aura lieu le 26 septembre 2025. Elle s&rsquo;adresse à tous ceux qui sont concernés ou touchés par la dystrophie musculaire de Duchenne (DMD). Lieu de l&rsquo;événement Centre suisse des paraplégiques (CSP) Hôtel Lac de Sempach Rue cantonale 46 6207 Nottwil www.hotelsempachersee.ch Accès La conférence aura lieu sur le site du CSP [&hellip;]</p>
